e 8.
2
What is -21 (base 3) in base 12?
-7
What is -14 (base 9) in base 8?
-15
6 (base 7) to base 6
10
What is 10 (base 3) in base 7?
3
What is 124 (base 5) in base 7?
54
-41 (base 5) to base 12
-19
100100 (base 2) to base 5
121
What is -17 (base 15) in base 4?
-112
What is 23 (base 6) in base 9?
16
Convert -2 (base 5) to base 9.
-2
Convert -20 (base 4) to base 7.
-11
Convert 1 (base 16) to base 15.
1
What is -25 (base 6) in base 10?
-17
Convert 7 (base 9) to base 5.
12
Convert 300 (base 5) to base 3.
2210
Convert -8a (base 14) to base 6.
-322
-5a (base 15) to base 9
-104
120 (base 6) to base 11
44
What is 1000010 (base 2) in base 15?
46
306 (base 8) to base 13
123
What is 140 (base 8) in base 14?
6c
Convert 4 (base 9) to base 11.
4
What is 5 (base 13) in base 4?
11
Convert b7 (base 13) to base 7.
303
Convert -2 (base 3) to base 13.
-2
-17 (base 11) to base 14
-14
Convert 60 (base 7) to base 9.
46
What is b (base 13) in base 6?
15
-11111 (base 2) to base 12
-27
114 (base 7) to base 15
40
-326 (base 7) to base 8
-247
Convert 10 (base 13) to base 2.
1101
-145 (base 8) to base 5
-401
Convert -100010001 (base 2) to base 13.
-180
77 (base 9) to base 12
5a
What is -4 (base 13) in base 3?
-11
66 (base 16) to base 15
6c
Convert 13 (base 12) to base 13.
12
Convert 2 (base 13) to base 2.
10
What is 121 (base 3) in base 15?
11
1 (base 14) to base 12
1
What is 24 (base 16) in base 14?
28
What is -80 (base 15) in base 12?
-a0
Convert -2 (base 16) to base 2.
-10
What is -e (base 16) in base 12?
-12
-23 (base 6) to base 3
-120
-2213 (base 4) to base 12
-11b
Convert 30 (base 4) to base 2.
1100
What is -12 (base 6) in base 10?
-8
Convert 1110 (base 2) to base 10.
14
-1d (base 16) to base 5
-104
What is 71 (base 11) in base 4?
1032
Convert 2 (base 15) to base 11.
2
Convert 1133 (base 4) to base 11.
87
-121 (base 12) to base 16
-a9
0 (base 3) to base 9
0
Convert -1 (base 14) to base 10.
-1
What is -19 (base 11) in base 2?
-10100
7f (base 16) to base 2
1111111
Convert 2 (base 16) to base 14.
2
-10 (base 12) to base 13
-c
What is 50 (base 14) in base 9?
77
202 (base 8) to base 12
aa
-3 (base 12) to base 15
-3
Convert -10011 (base 2) to base 8.
-23
-20 (base 16) to base 11
-2a
-1100 (base 2) to base 10
-12
85 (base 9) to base 6
205
-1101 (base 2) to base 16
-d
-12 (base 4) to base 13
-6
What is -3d (base 14) in base 8?
-67
Convert 2031 (base 4) to base 14.
a1
Convert 2 (base 6) to base 13.
2
Convert 138 (base 12) to base 4.
2330
-59 (base 12) to base 15
-49
Convert 13 (base 14) to base 11.
16
Convert 22 (base 3) to base 6.
12
Convert -2b (base 16) to base 11.
-3a
Convert 550 (base 6) to base 7.
420
-26 (base 8) to base 10
-22
Convert 32 (base 6) to base 7.
26
9 (base 15) to base 2
1001
Convert -12 (base 16) to base 9.
-20
177 (base 10) to base 5
1202
What is 22001 (base 3) in base 12?
161
Convert -47 (base 9) to base 3.
-1121
What is 85 (base 11) in base 14?
69
-202 (base 7) to base 5
-400
Convert -1 (base 10) to base 14.
-1
Convert -19 (base 12) to base 9.
-23
What is -35 (base 10) in base 9?
-38
42 (base 5) to base 7
31
Convert -101 (base 4) to base 2.
-10001
What is -24 (base 7) in base 15?
-13
What is -11 (base 3) in base 5?
-4
-40 (base 9) to base 3
-1100
-22021 (base 3) to base 5
-1343
Convert 20 (base 10) to base 9.
22
What is -6 (base 8) in base 4?
-12
What is 240 (base 5) in base 16?
46
Convert -5 (base 13) to base 8.
-5
What is 1211 (base 3) in base 8?
61
Convert 12 (base 3) to base 9.
5
What is -1 (base 12) in base 4?
-1
Convert -b (base 14) to base 15.
-b
What is 3 (base 12) in base 8?
3
What is -51 (base 6) in base 11?
-29
What is -41 (base 5) in base 7?
-30
3 (base 9) to base 3
10
1242 (base 5) to base 6
525
Convert 44 (base 5) to base 3.
220
-1 (base 2) to base 5
-1
Convert 72 (base 13) to base 4.
1131
What is 30 (base 14) in base 15?
2c
22 (base 13) to base 6
44
What is -10c (base 14) in base 3?
-21201
6 (base 10) to base 15
6
Convert -1110 (base 2) to base 9.
-15
What is 55 (base 6) in base 10?
35
What is 1000 (base 2) in base 6?
12
Convert -3 (base 8) to base 6.
-3
What is 44 (base 10) in base 9?
48
4 (base 7) to base 8
4
-1 (base 14) to base 10
-1
-35 (base 16) to base 10
-53
-164 (base 10) to base 2
-10100100
Convert -461 (base 7) to base 16.
-ef
112 (base 8) to base 13
59
Convert -2 (base 10) to base 15.
-2
What is -10 (base 3) in base 7?
-3
Convert -213 (base 6) to base 9.
-100
46 (base 7) to base 11
31
What is -12 (base 4) in base 3?
-20
24 (base 9) to base 8
26
Convert 10 (base 3) to base 11.
3
What is -6 (base 13) in base 14?
-6
Convert 1 (base 13) to base 16.
1
What is 30 (base 6) in base 7?
24
What is 10 (base 9) in base 14?
9
Convert -69 (base 16) to base 8.
-151
What is 11001110 (base 2) in base 15?
db
What is 15 (base 6) in base 9?
12
What is 3 (base 12) in base 3?
10
-41 (base 5) to base 10
-21
Convert -76 (base 12) to base 10.
-90
What is -10 (base 3) in base 6?
-3
-23 (base 14) to base 12
-27
-20 (base 3) to base 5
-11
Convert -12 (base 6) to base 13.
-8
Convert -243 (base 6) to base 4.
-1203
Convert 2 (base 14) to base 6.
2
Convert -1 (base 15) to base 2.
-1
6 (base 16) to base 13
6
Convert -3 (base 12) to base 4.
-3
What is -151 (base 7) in base 5?
-320
What is 45 (base 15) in base 10?
65
Convert 11 (base 6) to base 11.
7
What is -72 (base 12) in base 13?
-68
Convert -111010 (base 2) to base 11.
-53
-4 (base 9) to base 15
-4
Convert 3 (base 13) to base 12.
3
What is 42 (base 9) in base 14?
2a
What is 0 (base 9) in base 5?
0
Convert -11111 (base 2) to base 6.
-51
Convert -9 (base 15) to base 16.
-9
Convert 21 (base 4) to base 10.
9
What is -1010 (base 2) in base 4?
-22
20 (base 7) to base 15
e
-4 (base 8) to base 15
-4
What is -10 (base 3) in base 6?
-3
What is 1 (base 3) in base 10?
1
What is 100011 (base 2) in base 4?
203
310 (base 4) to base 8
64
Convert -27 (base 11) to base 12.
-25
What is 10111 (base 3) in base 11?
86
Convert 3 (base 13) to base 8.
3
What is -9 (base 14) in base 6?
-13
Convert 3 (base 15) to base 4.
3
What is -5 (base 7) in base 14?
-5
What is 0 (base 4) in base 16?
0
What is -22 (base 7) in base 4?
-100
Convert -113 (base 4) to base 5.
-43
1 (base 4) to base 15
1
Convert 1 (base 3) to base 11.
1
Convert 2 (base 7) to base 10.
2
Convert 11 (base 14) to base 12.
13
Convert -5 (base 13) to base 10.
-5
What is 0 (base 8) in base 9?
0
What is -6 (base 14) in base 12?
-6
What is 48 (base 16) in base 7?
132
Convert 7 (base 13) to base 14.
7
Convert 221 (base 3) to base 10.
25
4a (base 12) to base 11
53
What is -13 (base 11) in base 5?
-24
0 (base 15) to base 7
0
14 (base 11) to base 10
15
1000001 (base 2) to base 10
65
-7 (base 13) to base 14
-7
Convert -8c (base 14) to base 10.
-124
5 (base 11) to base 16
5
Convert -130 (base 7) to base 9.
-77
-42 (base 5) to base 2
-10110
Convert -124 (base 6) to base 3.
-1221
What is -11 (base 2) in base 4?
-3
Convert 20220 (base 3) to base 13.
114
-12 (base 14) to base 11
-15
Convert -1 (base 3) to base 10.
-1
Convert 0 (base 5) to base 14.
0
7 (base 8) to base 6
11
Convert b0 (base 14) to base 4.
2122
13 (base 6) to base 15
9
-2202 (base 3) to base 13
-59
Convert 101 (base 5) to base 16.
1a
What is 227 (base 8) in base 5?
1101
Convert -307 (base 8) to base 12.
-147
3 (base 4) to base 10
3
53 (base 16) to base 11
76
What is 23 (base 15) in base 12?
29
What is -14 (base 15) in base 7?
-25
Convert 14 (base 9) to base 7.
16
-3 (base 15) to base 13
-3
a (base 13) to base 10
10
Convert -4 (base 5) to base 8.
-4
Convert 15 (base 7) to base 3.
110
Convert b (base 12) to base 2.
1011
-24 (base 16) to base 9
-40
What is -43 (base 13) in base 15?
-3a
What is -44 (base 5) in base 8?
-30
What is 53 (base 12) in base 10?
63
What is -14 (base 5) in base 16?
-9
What is 45 (base 7) in base 5?
113
5 (base 10) to base 9
5
0 (base 13) to base 11
0
4 (base 11) to base 9
4
What is 2 (base 13) in base 5?
2
Convert -5 (base 10) to base 7.
-5
Convert 46 (base 14) to base 11.
57
13 (base 8) to base 7
14
What is 10110 (base 3) in base 16?
5d
Convert 3c (base 14) to base 11.
4a
404 (base 8) to base 15
125
Convert -17 (base 8) to base 6.
-23
-134 (base 11) to base 8
-236
Convert 113 (base 4) to base 9.
25
Convert 0 (base 16) to base 6.
0
What is 10 (base 2) in base 16?
2
Convert 64 (base 16) to base 